 = -0*b + 5*c + z. Calculate the remainder when b is divided by ((-14)/(-3))/(1/3).
12
Let j(m) = m**3 - 7*m**2 + 6*m + 6. Suppose 0 = 5*h - 11 - 19. Calculate the remainder when j(h) is divided by 2.
0
What is the remainder when 85 is divided by (2/1)/(2/29)?
27
Let x(u) = u**2 - 3*u - 6. Let y be x(5). Suppose 0 = y*w - 16, 2*w + 28 = 4*v - 56. Calculate the remainder when 89 is divided by v.
20
Let g be (2 + -3)*0 + 5. Let h be ((-34)/g)/(6/(-30)). Suppose -3*s = -2*s - h. Calculate the remainder when s is divided by 12.
10
Suppose 18*g - 13*g = 20. What is the remainder when 23 is divided by g?
3
Suppose -91 = -4*w + 81. Calculate the remainder when w is divided by 12.
7
Let m = 31 + -25. What is the remainder when 19 is divided by m?
1
Suppose -4*l - 126 = -2*i, -i - 3*l + 6*l + 66 = 0. Calculate the remainder when i is divided by 10.
7
Suppose n + 5*u + 7 = 23, 0 = 3*n + 3*u - 36. Let l = n + -2. Let o(d) = -27*d**3 - 2*d**2 + 1. What is the remainder when o(-1) is divided by l?
8
Suppose -5*r = -10*r + 15. Calculate the remainder when 11 is divided by r.
2
Let d(h) = h + 13. Calculate the remainder when 63 is divided by d(0).
11
Let u(f) = 14*f**2 + 5*f + 3. What is the remainder when u(-2) is divided by 17?
15
Let l = -23 - 2. Let j = l + 17. Let t = 34 + j. Calculate the remainder when t is divided by 14.
12
Let b(f) = -f**3 + 6*f**2 - 5*f - 3. Let n be b(6). What is the remainder when (1 + n/(-4))*4 is divided by 13?
11
Suppose 5*h - 4*h = 4. Let b = 56 + -32. Suppose v = 5*v - b. What is the remainder when v is divided by h?
2
Let h be 2/10 + (-2)/10. Suppose 0 = -5*d + 5*p + 165, 5*p = 3*d - h*d - 103. Calculate the remainder when d is divided by 8.
7
Let u(a) = -a**3 - 4*a**2 + 5*a - 17. Calculate the remainder when u(-6) is divided by 14.
11
Suppose -53 = -3*i + a + 4*a, -4*i + 4*a + 68 = 0. What is the remainder when 78 is divided by i?
14
Let r = -56 + 68. Calculate the remainder when r is divided by 9.
3
Suppose 11*s - 6*s - 17 = -h, 4*h = -4*s + 100. Calculate the remainder when 56 is divided by h.
2
Let q be (2 - 1)/(2/12). Let r(w) = 2*w**2 - 8*w - 1. What is the remainder when r(q) is divided by 2/3 + 34/3?
11
Let w be (-2)/9*-57*-3. Let f = 57 + w. Suppose f = 4*m - 5*c - 28, -2*m - 5*c = -31. Calculate the remainder when 38 is divided by m.
12
Let l(f) = 4*f**3 - 3*f**2 + f + 1. Suppose -23 = -2*v - 2*v + 5*a, -2*v + 3*a + 13 = 0. Calculate the remainder when l(v) is divided by 13.
10
Let c = -129 - -176. Calculate the remainder when c is divided by -1*2*-7 - 2.
11
Suppose -3*d = i + 16, 0*i = 4*i - 4*d. Calculate the remainder when ((-12)/i)/3 - -34 is divided by (-3)/2*-3*4.
17
Let z(f) = -2*f + 2. Let v(t) = -2*t**2 + 5*t - 2. Let m be v(3). Let l be 32/m - (-4)/10. What is the remainder when 27 is divided by z(l)?
13
Let u = 46 + -33. What is the remainder when 18 is divided by u?
5
Suppose -z - 3*z = -52. What is the remainder when z is divided by 6?
1
Let t(d) = d**2 + 3*d - 18. Calculate the remainder when 63 is divided by t(5).
19
Let a(c) = -6*c - 3. What is the remainder when a(-4) is divided by 12?
9
Suppose g - 10 = -4*g. Suppose -4*a - z = -124, -150 = -4*a + g*z - 26. Calculate the remainder when a is divided by 11.
9
Let p = 25 - 25. Suppose -12 = 4*l - 4*f, -4*l + 5*f - 26 + 9 = 0. What is the remainder when 14 is divided by l/4*10 + p?
4
Let x(n) = 2*n**2 - 2*n + 1. Let u be x(1). Suppose -c = -2 - u. Suppose 0 = -4*h + 44 - 12. Calculate the remainder when h is divided by c.
2
Suppose 2*i = 5*s - 32, -s = s - i - 13. Calculate the remainder when 34 is divided by s.
4
Let m = 18 - 5. What is the remainder when m is divided by 3 + (-3 - -5 - 2)/1?
1
What is the remainder when 55 is divided by (-28)/((-5 - -3)*1)?
13
Let c(y) = -y**2 + 19*y - 26. Let p(o) = -o**2 + o + 21. Calculate the remainder when c(8) is divided by p(0).
20
Let s = -53 + 110. Let d = 96 - s. Calculate the remainder when d is divided by 20.
19
Let t be -3 + 16 - 3*-1. Let m be t/(-3) + 4/(-6). What is the remainder when 14*-2*3/m is divided by 5?
4
Suppose 0 = 5*u - 113 - 122. Suppose 2 = -3*p + 5. Let v = 17 - p. Calculate the remainder when u is divided by v.
15
Let u(a) = -a + 11. Suppose 1 = -n - 5*m + 2*m, 0 = 3*n - 2*m - 8. What is the remainder when n is divided by u(10)?
0
Let q be 15*4/2 + 0. Suppose 0 = 2*j + j - q. Calculate the remainder when j is divided by 4.
2
Suppose -10*q - 39 = -11*q. Calculate the remainder when 77 is divided by q.
38
Let q(x) = -x**2 + 7*x + 3. Let l be (-244)/36 - (-2)/(-9). Let a = l - -14. What is the remainder when a is divided by q(7)?
1
Suppose 4*n - 247 = y, 0 = -5*n + 5*y + 231 + 74. Let g = n + -16. Calculate the remainder when g is divided by 16.
14
Suppose -4*b + 200 = -2*b - 2*o, -b - o = -104. What is the remainder when b/(-4)*16/(-24) is divided by 9?
8
Let l(p) = 5*p + 78. Calculate the remainder when l(-14) is divided by 2.
0
Suppose -76 = 18*z - 238. Let u = 1 + 3. Calculate the remainder when z is divided by u.
1
Suppose 7*z - 35 = 28. Suppose 5*d - 162 = -4*q, -24 = -4*d + 4*q + 120. Calculate the remainder when d is divided by z.
7
Suppose -3*u = -10*u + 245. Calculate the remainder when u is divided by 12.
11
Calculate the remainder when 25 is divided by 66/4 + (-39)/26.
10
Suppose 4*m = 4*t - 64, 56 = t + 2*t + m. Calculate the remainder when t is divided by 10.
8
Let m be (-44)/(-6) - (-2)/(-6). Suppose -m = 4*t - 23. Suppose -t*f + 24 = -f. What is the remainder when 15 is divided by f?
7
Let j = -10 + 27. Calculate the remainder when 47 is divided by j.
13
Suppose -623 = -21*a + 14*a. What is the remainder when a is divided by 46?
43
Suppose -2*k + 3*j + 7 = 0, -10 = 5*j + 5. Let u(h) = 15*h**2 - 1. Let i = 53 - 0. Calculate the remainder when i is divided by u(k).
11
Let d be (1 + 11)*3/4. Suppose t - j - 11 = 0, 2*j + j = t - d. What is the remainder when 35 is divided by t?
11
Suppose -3*r + 0 + 45 = 0. Let m = 1 - 7. Let a(v) = v**3 + 6*v**2 + 8. Calculate the remainder when r is divided by a(m).
7
Suppose -3*w - 2*w + 60 = 0. Calculate the remainder when 4*(-4)/w*-24 is divided by 17.
15
Suppose -z + 12 = -8. Suppose 12 = -17*b + z*b. Suppose 4*r = 5*s + 2*r - 63, 39 = 5*s + 4*r. Calculate the remainder when s is divided by b.
3
What is the remainder when 6/27*-1 + 281/9 is divided by 9?
4
Suppose -b = -4 + 3. What is the remainder when b is divided by 1?
0
Suppose 4*j - 6*j = -66. Suppose 5*n = 2*n + j. Calculate the remainder when n is divided by 6.
5
Let y = 10 - -4. What is the remainder when (-2)/3 - 166/(-6) is divided by y?
13
Suppose d + 2*d - 51 = 0. Let k = d - 2. Let z(n) = 14*n. What is the remainder when z(2) is divided by k?
13
Let j = 6 - 9. Let p(q) = -q - 5. Let d be p(7). Let y = j - d. Calculate the remainder when 17 is divided by y.
8
Let s = -4 - -8. Let k(w) = 7*w - 4*w - 2 + 4. Calculate the remainder when k(3) is divided by s.
3
Suppose 376 = 4*d + 88. Suppose g - 24 = 2*t, -4*g - 5*t + d = -g. Calculate the remainder when g is divided by 9.
6
Let w = 72 + -44. Suppose -p - 5*i + w = 0, 0 = -5*p + 2*i + 111 + 56. Let a = -12 + 21. What is the remainder when p is divided by a?
6
Suppose 5*a + 5*m + 20 = 0, -2*m - 3*m = a + 8. Let f = a - -4. What is the remainder when f/((-2)/((-136)/2)) is divided by 12?
10
Let l(g) = -g + 13. Let i be l(11). Suppose -4*v - k + 30 = -19, i*k = -v + 7. Let m = -5 - -13. Calculate the remainder when v is divided by m.
5
Let m(y) = -y**2 + 6*y + 2. Suppose -4*c - c = -35. Suppose c = 3*g - 11. What is the remainder when m(4) is divided by g?
4
Let y = 22 - -6. Let v(o) = o**3 + o**2 + o. Let g(l) = -4*l**3 - 2*l + 2. Let m(f) = -g(f) - 3*v(f). What is the remainder when y is divided by m(4)?
8
Let a be 3 + -1*(-2 - -3). What is the remainder when (-201)/(-7) + a/7 is divided by 10?
9
Let c(k) = k**3 - 11*k**2 + 11*k + 7. Let d be -8*(51/(-12) + 3). Calculate the remainder when 50 is divided by c(d).
16
Calculate the remainder when ((-80)/28)/(4/(-70)) is divided by 17.
16
Let y(n) = -5*n**3 - n**2. Let x be y(-1). Suppose -o = -2*d + 4*d - 13, x*o + 5*d - 40 = 0. Calculate the remainder when 19 is divided by o.
4
Let d = -9 - -9. Calculate the remainder when -2 + d - 106/(-2) is divided by 26.
25
Let v(a) = a -